s(b) = -62*b + 133. Let d be s(2). What is the greatest common factor of d and 270?
9
Suppose 1061 = 3*l + 197. Let g = l - 270. Let w(o) = 25*o - 6. Let c be w(6). Calculate the greatest common divisor of g and c.
18
Suppose 47*v = -7*v + 21168. Let z(c) = -2*c - 8. Let y be z(-8). What is the greatest common factor of v and y?
8
Let f be 35/(-14) - 2009/(-2). Let b = f - 714. Calculate the highest common factor of 108 and b.
36
Let j = 51 + -20. Let q = j + -29. Suppose -4*g = q*z + z - 211, 0 = -5*g + 5*z + 255. Calculate the highest common factor of 130 and g.
26
Let o(q) = -5*q**3 + 4*q**2 - 3*q - 1. Let p be o(2). Let b(s) = -10*s - 277. Let h be b(p). What is the greatest common divisor of h and 110?
11
Suppose 0 = -h + 4 - 0. Suppose -4*o - 70 = h*b - 6*b, -2*o = 10. Suppose -b*q + 3 = -22*q. Calculate the highest common factor of 7 and q.
1
Let h(b) = -6*b - 2. Let n be h(-1). Suppose -3*m + 5*s = -755, -4*m - m = n*s - 1320. Let r be 8/6*(-975)/(-50). What is the highest common divisor of r and m?
26
Let g(y) = y**2 - 4*y + 5. Let k be g(4). Let q = 1085 - 1067. Suppose j + 18 = k*r, 2*r + 0*j - 4*j - q = 0. Calculate the greatest common divisor of r and 4.
1
Let j(f) = -9*f**2 - f - 14. Let r be j(5). Let o = -217 - r. Calculate the highest common factor of o and 3.
3
Suppose 4*r = 3*r + 363. Suppose 0 = 7*m - 2*m + o - 163, -101 = -3*m + o. What is the greatest common divisor of r and m?
33
Let i = 552 + -547. Suppose -2*w - 5*j - 22 + 117 = 0, 5*w - 185 = i*j. Suppose 0 = p, p + 0*p = -5*n + 120. Calculate the highest common divisor of w and n.
8
Let a(o) = 64*o + 8861. Let s be a(-138). Let j(d) = 99*d - 2. Let k be j(5). What is the greatest common divisor of k and s?
29
Let v(n) = -n + 10. Let o be v(0). Let a(l) = 2*l**2 + 202*l - 4730. Let r be a(-121). Calculate the greatest common divisor of o and r.
10
Let o = -79 - -538. Let q = 795 - o. Let u = 129 - 87. What is the highest common factor of q and u?
42
Let p(a) = -2*a**3 - 28*a**2 + 24*a - 1. Let q be p(-16). What is the greatest common divisor of q and 9?
9
Suppose -1166 = -3*h + 4*w, 547 - 1714 = -3*h + 3*w. Calculate the highest common factor of h and 1430.
130
Let m be (-296)/20 - 3/15. Let l be 10/m - 142/(-6). Let g = 306 - 191. What is the highest common factor of l and g?
23
Let o(k) = -5*k**3 + 5*k**2 + 36*k - 70. Let v be o(-4). What is the greatest common factor of 7533 and v?
93
Let p = -3678 + 3745. Calculate the highest common factor of p and 10921.
67
Let w be (-20)/(-60) - ((-74840)/12 + 2). What is the highest common factor of w and 145?
145
Suppose 16*q = -33*q + 14*q. Suppose 2*z + 8 = -q, 5*z = 5*o - 60. What is the greatest common divisor of o and 256?
8
Let y(m) = -27*m + 23. Let x be y(-2). Calculate the greatest common divisor of x and 319.
11
Let w be -8*14/(-168)*(-483)/2. Let l be (w/(-28))/(1/72). Calculate the greatest common factor of 18 and l.
18
Suppose -6*b = -16 - 44. Let t be b/(-1)*(-7)/14. Let q(l) = -l**3 + 6*l**2 - 2*l + 5. Let p be q(t). What is the greatest common divisor of 4 and p?
4
Suppose 2*q + g = 941, -5*q = -3*g - 3215 + 890. What is the highest common factor of q and 416?
52
Let n(u) = 2*u**2 - u - 9. Let q(p) = -p**3 - p**2 + 18*p - 6. Let b be q(-5). Let i be n(b). What is the greatest common divisor of 513 and i?
19
Let q = 26 - -128. Suppose 0 = 25*m - 24*m + d - 19, -5*d = 2*m - 29. What is the highest common factor of q and m?
22
Let z be (-7524)/(-19)*4/60*5. What is the greatest common factor of z and 6501?
33
Suppose -5*f + 3*f = i - 93, 5*f - 375 = -4*i. Let w = i - -55. Suppose 2*y + 0*y + 10 = 3*d, 5*d - 3*y = 18. What is the highest common divisor of d and w?
6
Let m(f) = 164*f**3 + f. Let v be m(1). Let y = 67858 - 67828. What is the highest common divisor of y and v?
15
Let q(h) = 23*h + 59. Suppose -2*i = -0*i - x - 2, 11 = -3*i - 2*x. Let b be q(i). Calculate the highest common factor of b and 180.
36
Let q be ((-5312)/(-160) - 17)*(5 + (2 - 2)). What is the greatest common factor of 3375 and q?
27
Let s = 4390 + -4347. Calculate the greatest common divisor of 29412 and s.
43
Let w be 51/24 + -2 + (17631/72 - -5). What is the highest common factor of 290 and w?
10
Suppose 5*b - 997 = -m - 2*m, 2*m = 8. Let s = b - 32. Let h = -14881 + 14896. What is the greatest common divisor of h and s?
15
Let m be 18 + 3 + -1 + -3. Let i(y) = -y**3 + 1053*y - 2079*y + 1042*y + 42 + 16*y**2. Let v be i(m). Calculate the highest common divisor of 5 and v.
5
Suppose -7*z = -109 - 73. Suppose 5*n - 87 + z = -4*b, 2*n = 2*b + 10. What is the greatest common factor of 9 and n?
9
Let k(h) = 3*h**2 + 27*h + 326. Let o be k(-14). What is the greatest common factor of o and 2?
2
Let j = 1 - 1. Suppose r + 2*r - 48 = j. Suppose 5*g - 652 = -4*k, -3*k - 135 = 5*g - 784. Calculate the highest common factor of g and r.
16
Let f = 169 - 101. Let r = f + 28. Let m = r + -51. What is the greatest common factor of 9 and m?
9
Suppose 0 = -33*p - 35*p + 8704. What is the highest common factor of p and 1?
1
Let k(y) = 3*y**2 + 6*y - 14. Let x be k(4). Let u = x - -248. Let a = -98 + u. What is the highest common divisor of 26 and a?
26
Let g be (2 - 396/15) + 27/(-45). Let h = -21 - g. Let p be 13 - 2/8*h. Calculate the greatest common factor of 3 and p.
3
Let v be 19/(57/(-18)) + 79. Let s = -37 + v. Calculate the greatest common factor of s and 96.
12
Suppose 4*d = 5*g + 255, -3*d - g = -0*g - 196. Let z = 10 - 8. Let a be (5/(-25))/(z/(-260)). What is the greatest common divisor of a and d?
13
Let y be (-113 + -1)/((-24)/16). Let d = -60 + y. Let q(r) = 2*r**2 - 18*r - 48. Let k be q(16). What is the greatest common factor of k and d?
16
Let j(n) = 643*n**3 + 4*n**2 - 49*n + 81. Let p be j(2). Calculate the highest common factor of p and 556.
139
Let o(r) = 9*r**2 + r - 2. Let q be o(-3). Suppose 0 = 11*y - q - 23. Suppose 506*c = 509*c - 27. Calculate the highest common factor of y and c.
9
Suppose 320*d = 318*d. Suppose -5*n + 15 = -d*n. What is the highest common factor of n and 21?
3
Let n = 138 + -122. Let v(o) = -3*o**2 + 49*o + 9. Let g be v(n). What is the highest common factor of 200 and g?
25
Let t(j) be the first derivative of 47*j**2/2 + 21*j - 36. Let d be t(5). What is the highest common divisor of 16 and d?
16
Let v(a) = -a**3 + 40*a**2 + 225*a - 455. Let g be v(44). Calculate the greatest common divisor of 315 and g.
63
Suppose 126 = 3*a - 0*a - 2*q, 0 = 3*a - 5*q - 117. Suppose -5*i + a = -56. Let d be (-15)/i - (-284)/16. Calculate the greatest common factor of d and 153.
17
Suppose 3*z + 35 + 38 = 4*x, 5*x = -5*z + 65. Calculate the greatest common factor of 2792 and x.
8
Suppose -3*h + 6860 = -4906. Suppose 8*g - 918 - h = 0. What is the highest common divisor of g and 55?
55
Let p = 9991 - 4240. Calculate the highest common divisor of 142 and p.
71
Let g(k) = -259 - 3*k + 150 + 4*k - 15*k - 6*k + 2*k**2. Let q be g(-7). What is the highest common divisor of q and 3?
3
Let g be 44/(1/28*2). Let i = -66334 - -66411. What is the greatest common factor of i and g?
77
Suppose 0 = 28*c - 54*c + 18876. What is the greatest common divisor of 352 and c?
22
Let t(c) = 2*c**2 - 45*c + 5. Let v be t(22). Let f = v - -49. Let n be (f/48)/((-1)/(-165)). Calculate the greatest common factor of 44 and n.
22
Let w be 6/(210/3875) + 16/56. Let q be (4/20*-12)/(2/(-5)). What is the highest common divisor of q and w?
3
Let u = -158 + 147. Let r = 57 + u. Calculate the greatest common divisor of r and 230.
46
Let b = -10930 - -11272. What is the greatest common factor of b and 228?
114
Let s be 20*(34/10 + 1). Let p be ((-35)/(2800/(-512)))/(6/(-10) - -1). What is the highest common divisor of s and p?
8
Suppose -880 = -2*q - 732*r + 736*r, -4 = -4*r. What is the highest common divisor of q and 130?
26
Suppose -4*g - 195 = -3*j + 510, -2*g - 237 = -j. Let x be 68 + 4/(-3 + 1). Calculate the highest common divisor of j and x.
33
Let o(f) = f**2 - 6*f - 6. Let i be o(8). Let u(k) = -22 + 0*k - 5*k + 2*k. Let g be u(-8). Calculate the greatest common factor of g and i.
2
Let l(y) be the second derivative of -1/6*y**4 + 1/20*y**5 + 0 - y**3 + 15*y + 7/2*y**2. Let c be l(5). Calculate the highest common divisor of c and 13.
13
Let j be 